{"id":1967,"date":"2016-08-27T04:24:53","date_gmt":"2016-08-27T04:24:53","guid":{"rendered":"http:\/\/www.voxmed.com.br\/voxmed\/?page_id=1967"},"modified":"2020-03-28T12:55:23","modified_gmt":"2020-03-28T12:55:23","slug":"1967-2","status":"publish","type":"page","link":"https:\/\/www.voxmed.com.br\/voxmed\/1967-2\/","title":{"rendered":"Sobre a Voxmed"},"content":{"rendered":"<p><span style=\"font-size: 12pt;\">A\u00a0Voxmed oferece suporte em todas as etapas necess\u00e1rias para publica\u00e7\u00e3o do seu manuscrito.<\/span><\/p>\n<p><span style=\"font-size: 12pt;\"><strong>Um manuscrito bem preparado e com ingl\u00eas de alta qualidade comunica as informa\u00e7\u00f5es claramente e tem maior chance de ser publicado. Nosso elevado padr\u00e3o de exig\u00eancia garante que todos os manuscritos sejam entregues com excelente\u00a0apresenta\u00e7\u00e3o e linguagem cient\u00edfica acurada e elegante.<\/strong><\/span><\/p>\n<p>N\u00f3s sabemos que cada projeto \u00e9 \u00fanico e que cada autor tem necessidades particulares. Por isso, dedicamos aten\u00e7\u00e3o individualizada a cada um dos nossos clientes para que eles alcancem as suas metas de publica\u00e7\u00e3o.<\/p>\n<blockquote><p><span style=\"font-size: 12pt;\">A Voxmed foi fundada em 2008 em Boston, cora\u00e7\u00e3o das principais institui\u00e7\u00f5es m\u00e9dicas do mundo. Alinhada com a excel\u00eancia da medicina na regi\u00e3o, nossa equipe oferece suporte da mais alta qualidade para que autores em todo o mundo alcancem seus objetivos de publica\u00e7\u00e3o. Entre nossos clientes est\u00e3o m\u00e9dicos, profissionais da sa\u00fade e empresas farmac\u00eauticas de diversos pa\u00edses como o Brasil, Estados Unidos, Inglaterra, Holanda e Jap\u00e3o. Nossa equipe \u00e9 formada por tradutores e editores m\u00e9dicos com mais de\u00a015 anos de experi\u00eancia em publica\u00e7\u00f5es e membros da <em>American Medical Writers Association<\/em> (AMWA), <em>International Society for Medical Publication Professionals<\/em> (ISMPP) e <em>American Translators Association<\/em> (ATA). Com um trabalho fundamentado em integridade e dedica\u00e7\u00e3o, estamos preparados para ajudar no processo de publica\u00e7\u00e3o de qualquer tipo de manuscrito na \u00e1rea m\u00e9dica.<\/span><\/p><\/blockquote>\n<p><span style=\"font-size: 12pt;\">Para obter um or\u00e7amento de um ou mais servi\u00e7os oferecidos por n\u00f3s, <a href=\"https:\/\/www.voxmed.com.br\/voxmed\/contato-2-2\/\" target=\"_blank\" rel=\"noopener noreferrer\">clique aqui<\/a>.<\/span><\/p>\n","protected":false},"excerpt":{"rendered":"<p>A\u00a0Voxmed oferece suporte em todas as etapas necess\u00e1rias para publica\u00e7\u00e3o do seu manuscrito. Um manuscrito bem preparado e com ingl\u00eas de alta qualidade comunica as informa\u00e7\u00f5es claramente e tem maior chance de ser publicado. Nosso elevado padr\u00e3o de exig\u00eancia garante que todos os manuscritos sejam entregues com excelente\u00a0apresenta\u00e7\u00e3o e linguagem cient\u00edfica acurada e elegante. N\u00f3s [&hellip;]<\/p>\n","protected":false},"author":1,"featured_media":0,"parent":0,"menu_order":0,"comment_status":"closed","ping_status":"closed","template":"","meta":{"_et_pb_use_builder":"off","_et_pb_old_content":"<span style=\"font-size: 12pt;\">A\u00a0Voxmed oferece suporte em todas as etapas necess\u00e1rias para publica\u00e7\u00e3o do seu manuscrito.<\/span>\n\n<span style=\"font-size: 12pt;\"><strong>Um manuscrito bem preparado e com ingl\u00eas de alta qualidade comunica as informa\u00e7\u00f5es claramente e tem maior chance de ser publicado. Nosso elevado padr\u00e3o de exig\u00eancia garante que todos os manuscritos sejam entregues com excelente\u00a0apresenta\u00e7\u00e3o e linguagem cient\u00edfica acurada e elegante.<\/strong><\/span>\n\nN\u00f3s sabemos que cada projeto \u00e9 \u00fanico e que cada autor tem necessidades particulares. Por isso, dedicamos aten\u00e7\u00e3o individualizada a cada um dos nossos clientes para que eles alcancem as suas metas de publica\u00e7\u00e3o.\n<blockquote><span style=\"font-size: 12pt;\">A Voxmed foi fundada em 2008 em Boston, cora\u00e7\u00e3o das principais institui\u00e7\u00f5es m\u00e9dicas do mundo. Alinhada com a excel\u00eancia da medicina na regi\u00e3o, nossa equipe oferece suporte da mais alta qualidade para que autores em todo o mundo alcancem seus objetivos de publica\u00e7\u00e3o. Entre nossos clientes est\u00e3o m\u00e9dicos, profissionais da sa\u00fade e empresas farmac\u00eauticas de diversos pa\u00edses como o Brasil, Estados Unidos, Inglaterra, Holanda e Jap\u00e3o. Nossa equipe \u00e9 formada por tradutores e editores m\u00e9dicos com mais de\u00a015 anos de experi\u00eancia em publica\u00e7\u00f5es e membros da <em>American Medical Writers Association<\/em> (AMWA), <em>International Society for Medical Publication Professionals<\/em> (ISMPP) e <em>American Translators Association<\/em> (ATA). Com um trabalho fundamentado em integridade e dedica\u00e7\u00e3o, estamos preparados para ajudar no processo de publica\u00e7\u00e3o de qualquer tipo de manuscrito na \u00e1rea m\u00e9dica.<\/span><\/blockquote>\n<span style=\"font-size: 12pt;\">Para obter um or\u00e7amento de um ou mais servi\u00e7os oferecidos por n\u00f3s, preencha as informa\u00e7\u00f5es abaixo:<\/span>\n\n[ccf_form id=\"909\"]","_et_gb_content_width":"","footnotes":""},"class_list":["post-1967","page","type-page","status-publish","hentry"],"yoast_head":"<!-- This site is optimized with the Yoast SEO plugin v27.4 - https:\/\/yoast.com\/product\/yoast-seo-wordpress\/ -->\n<title>Voxmed<\/title>\n<meta name=\"robots\" content=\"index, follow, max-snippet:-1, max-image-preview:large, max-video-preview:-1\" \/>\n<link rel=\"canonical\" href=\"https:\/\/www.voxmed.com.br\/voxmed\/1967-2\/\" \/>\n<meta property=\"og:locale\" content=\"pt_BR\" \/>\n<meta property=\"og:type\" content=\"article\" \/>\n<meta property=\"og:title\" content=\"Voxmed\" \/>\n<meta property=\"og:description\" content=\"A\u00a0Voxmed oferece suporte em todas as etapas necess\u00e1rias para publica\u00e7\u00e3o do seu manuscrito. Um manuscrito bem preparado e com ingl\u00eas de alta qualidade comunica as informa\u00e7\u00f5es claramente e tem maior chance de ser publicado. Nosso elevado padr\u00e3o de exig\u00eancia garante que todos os manuscritos sejam entregues com excelente\u00a0apresenta\u00e7\u00e3o e linguagem cient\u00edfica acurada e elegante. N\u00f3s [&hellip;]\" \/>\n<meta property=\"og:url\" content=\"https:\/\/www.voxmed.com.br\/voxmed\/1967-2\/\" \/>\n<meta property=\"og:site_name\" content=\"Voxmed\" \/>\n<meta property=\"article:modified_time\" content=\"2020-03-28T12:55:23+00:00\" \/>\n<meta name=\"twitter:label1\" content=\"Est. tempo de leitura\" \/>\n\t<meta name=\"twitter:data1\" content=\"1 minuto\" \/>\n<script type=\"application\/ld+json\" class=\"yoast-schema-graph\">{\"@context\":\"https:\\\/\\\/schema.org\",\"@graph\":[{\"@type\":\"WebPage\",\"@id\":\"https:\\\/\\\/www.voxmed.com.br\\\/voxmed\\\/1967-2\\\/\",\"url\":\"https:\\\/\\\/www.voxmed.com.br\\\/voxmed\\\/1967-2\\\/\",\"name\":\"Voxmed\",\"isPartOf\":{\"@id\":\"https:\\\/\\\/www.voxmed.com.br\\\/voxmed\\\/#website\"},\"datePublished\":\"2016-08-27T04:24:53+00:00\",\"dateModified\":\"2020-03-28T12:55:23+00:00\",\"breadcrumb\":{\"@id\":\"https:\\\/\\\/www.voxmed.com.br\\\/voxmed\\\/1967-2\\\/#breadcrumb\"},\"inLanguage\":\"pt-BR\",\"potentialAction\":[{\"@type\":\"ReadAction\",\"target\":[\"https:\\\/\\\/www.voxmed.com.br\\\/voxmed\\\/1967-2\\\/\"]}]},{\"@type\":\"BreadcrumbList\",\"@id\":\"https:\\\/\\\/www.voxmed.com.br\\\/voxmed\\\/1967-2\\\/#breadcrumb\",\"itemListElement\":[{\"@type\":\"ListItem\",\"position\":1,\"name\":\"Home\",\"item\":\"https:\\\/\\\/www.voxmed.com.br\\\/voxmed\\\/\"},{\"@type\":\"ListItem\",\"position\":2,\"name\":\"Sobre a Voxmed\"}]},{\"@type\":\"WebSite\",\"@id\":\"https:\\\/\\\/www.voxmed.com.br\\\/voxmed\\\/#website\",\"url\":\"https:\\\/\\\/www.voxmed.com.br\\\/voxmed\\\/\",\"name\":\"Voxmed\",\"description\":\"Clear medical communications to help move science forward\",\"potentialAction\":[{\"@type\":\"SearchAction\",\"target\":{\"@type\":\"EntryPoint\",\"urlTemplate\":\"https:\\\/\\\/www.voxmed.com.br\\\/voxmed\\\/?s={search_term_string}\"},\"query-input\":{\"@type\":\"PropertyValueSpecification\",\"valueRequired\":true,\"valueName\":\"search_term_string\"}}],\"inLanguage\":\"pt-BR\"}]}<\/script>\n<!-- \/ Yoast SEO plugin. -->","yoast_head_json":{"title":"Voxmed","robots":{"index":"index","follow":"follow","max-snippet":"max-snippet:-1","max-image-preview":"max-image-preview:large","max-video-preview":"max-video-preview:-1"},"canonical":"https:\/\/www.voxmed.com.br\/voxmed\/1967-2\/","og_locale":"pt_BR","og_type":"article","og_title":"Voxmed","og_description":"A\u00a0Voxmed oferece suporte em todas as etapas necess\u00e1rias para publica\u00e7\u00e3o do seu manuscrito. Um manuscrito bem preparado e com ingl\u00eas de alta qualidade comunica as informa\u00e7\u00f5es claramente e tem maior chance de ser publicado. Nosso elevado padr\u00e3o de exig\u00eancia garante que todos os manuscritos sejam entregues com excelente\u00a0apresenta\u00e7\u00e3o e linguagem cient\u00edfica acurada e elegante. N\u00f3s [&hellip;]","og_url":"https:\/\/www.voxmed.com.br\/voxmed\/1967-2\/","og_site_name":"Voxmed","article_modified_time":"2020-03-28T12:55:23+00:00","twitter_misc":{"Est. tempo de leitura":"1 minuto"},"schema":{"@context":"https:\/\/schema.org","@graph":[{"@type":"WebPage","@id":"https:\/\/www.voxmed.com.br\/voxmed\/1967-2\/","url":"https:\/\/www.voxmed.com.br\/voxmed\/1967-2\/","name":"Voxmed","isPartOf":{"@id":"https:\/\/www.voxmed.com.br\/voxmed\/#website"},"datePublished":"2016-08-27T04:24:53+00:00","dateModified":"2020-03-28T12:55:23+00:00","breadcrumb":{"@id":"https:\/\/www.voxmed.com.br\/voxmed\/1967-2\/#breadcrumb"},"inLanguage":"pt-BR","potentialAction":[{"@type":"ReadAction","target":["https:\/\/www.voxmed.com.br\/voxmed\/1967-2\/"]}]},{"@type":"BreadcrumbList","@id":"https:\/\/www.voxmed.com.br\/voxmed\/1967-2\/#breadcrumb","itemListElement":[{"@type":"ListItem","position":1,"name":"Home","item":"https:\/\/www.voxmed.com.br\/voxmed\/"},{"@type":"ListItem","position":2,"name":"Sobre a Voxmed"}]},{"@type":"WebSite","@id":"https:\/\/www.voxmed.com.br\/voxmed\/#website","url":"https:\/\/www.voxmed.com.br\/voxmed\/","name":"Voxmed","description":"Clear medical communications to help move science forward","potentialAction":[{"@type":"SearchAction","target":{"@type":"EntryPoint","urlTemplate":"https:\/\/www.voxmed.com.br\/voxmed\/?s={search_term_string}"},"query-input":{"@type":"PropertyValueSpecification","valueRequired":true,"valueName":"search_term_string"}}],"inLanguage":"pt-BR"}]}},"_links":{"self":[{"href":"https:\/\/www.voxmed.com.br\/voxmed\/wp-json\/wp\/v2\/pages\/1967","targetHints":{"allow":["GET"]}}],"collection":[{"href":"https:\/\/www.voxmed.com.br\/voxmed\/wp-json\/wp\/v2\/pages"}],"about":[{"href":"https:\/\/www.voxmed.com.br\/voxmed\/wp-json\/wp\/v2\/types\/page"}],"author":[{"embeddable":true,"href":"https:\/\/www.voxmed.com.br\/voxmed\/wp-json\/wp\/v2\/users\/1"}],"replies":[{"embeddable":true,"href":"https:\/\/www.voxmed.com.br\/voxmed\/wp-json\/wp\/v2\/comments?post=1967"}],"version-history":[{"count":9,"href":"https:\/\/www.voxmed.com.br\/voxmed\/wp-json\/wp\/v2\/pages\/1967\/revisions"}],"predecessor-version":[{"id":5395,"href":"https:\/\/www.voxmed.com.br\/voxmed\/wp-json\/wp\/v2\/pages\/1967\/revisions\/5395"}],"wp:attachment":[{"href":"https:\/\/www.voxmed.com.br\/voxmed\/wp-json\/wp\/v2\/media?parent=1967"}],"curies":[{"name":"wp","href":"https:\/\/api.w.org\/{rel}","templated":true}]}}